0 + -200?
2220
In base 13, what is 5 - -11?
16
In base 13, what is 77 + 4?
7b
In base 6, what is 5 - 225?
-220
In base 11, what is 827 - -1?
828
In base 4, what is -11 - 1201213?
-1201230
In base 6, what is -1 + 12335?
12334
In base 2, what is -101001011 + 10?
-101001001
In base 5, what is -3 + -124?
-132
In base 8, what is -2 - -256?
254
In base 2, what is 0 - -1000000?
1000000
In base 16, what is -4 + -42?
-46
In base 11, what is 197 + 5?
1a1
In base 9, what is 30 + 0?
30
In base 6, what is -30 - -4?
-22
In base 16, what is d5 + 2?
d7
In base 7, what is -2563 + -4?
-2600
In base 16, what is 13e + 8?
146
In base 8, what is 4221 + -3?
4216
In base 12, what is -16 - 3?
-19
In base 6, what is -3 + -44?
-51
In base 9, what is 18 - 56?
-37
In base 12, what is 9a69 - -4?
9a71
In base 10, what is 145 + -5?
140
In base 4, what is 2033010 + -1?
2033003
In base 5, what is -21 - -42?
21
In base 10, what is 197 - -6?
203
In base 14, what is -9 + -9?
-14
In base 12, what is 13a + -25?
115
In base 12, what is -3 - -25a0?
2599
In base 5, what is 2334 - 1?
2333
In base 5, what is 2030 + 1?
2031
In base 5, what is 3 - 140?
-132
In base 5, what is -10 - 42?
-102
In base 4, what is -11 - 2?
-13
In base 11, what is -385 + -5?
-38a
In base 13, what is -21c - 2?
-221
In base 2, what is -1001 + 100011?
11010
In base 3, what is 10100 - -1221?
12021
In base 11, what is 213 + 2?
215
In base 9, what is -6011 + 8?
-6002
In base 11, what is 12 + 14?
26
In base 3, what is -11 - 120000?
-120011
In base 11, what is 2a + -1?
29
In base 4, what is -1300 + -2031?
-3331
In base 16, what is 40 - 2?
3e
In base 10, what is 1 + -1080?
-1079
In base 5, what is 214 + -114?
100
In base 11, what is -2 + -1a?
-21
In base 9, what is 3348 + -4?
3344
In base 9, what is -3 - -140?
136
In base 5, what is -14220 + -4?
-14224
In base 10, what is 38 - -12?
50
In base 15, what is -2 + -c3?
-c5
In base 9, what is -4 - 31?
-35
In base 2, what is -1011110 + -100?
-1100010
In base 16, what is -3 + -38?
-3b
In base 10, what is -153 + -4?
-157
In base 12, what is -244 + -2?
-246
In base 12, what is -4 - 27?
-2b
In base 10, what is 604 + -16?
588
In base 2, what is 0 + -111100111110?
-111100111110
In base 14, what is 201 - c?
1d3
In base 7, what is 163 + -25?
135
In base 13, what is -4 - -354?
350
In base 5, what is 1 - 4241?
-4240
In base 12, what is 5775 + 1?
5776
In base 2, what is -1010110001 + -11?
-1010110100
In base 12, what is 4 + -9?
-5
In base 12, what is 1 - 652?
-651
In base 2, what is -10101 + 11?
-10010
In base 16, what is 3 + 1c?
1f
In base 10, what is 85 + 3?
88
In base 3, what is -1010 - 1?
-1011
In base 16, what is -2eb - -9?
-2e2
In base 14, what is -13 + -79?
-8c
In base 4, what is 13 + -1010?
-331
In base 9, what is 5 + 4?
10
In base 5, what is 331 + 21?
402
In base 5, what is 133 - 14?
114
In base 4, what is -100210 + 2?
-100202
In base 11, what is 75 - -5?
7a
In base 8, what is -233 - -10?
-223
In base 6, what is 4 + 435?
443
In base 2, what is -1100010 + -101?
-1100111
In base 12, what is 4 - -75?
79
In base 4, what is 11 - 313221?
-313210
In base 10, what is -129 - -18?
-111
In base 12, what is -4b48 - -3?
-4b45
In base 3, what is -110 + -12102?
-12212
In base 7, what is -434 + -3?
-440
In base 13, what is 0 - -7b?
7b
In base 9, what is 3 + -644?
-641
In base 9, what is 6 - -817?
824
In base 14, what is 106 - 2?
104
In base 14, what is -1 + -2b1?
-2b2
In base 6, what is 2 + 41301?
41303
In base 10, what is -46 + 13?
-33
In base 4, what is -10 + 1020?
1010
In base 10, what is 3 + 162?
165
In base 2, what is 100011 + -1?
100010
In base 4, what is 130 - 20001?
-13211
In base 14, what is 74 - -66?
da
In base 2, what is 10 + 10101000001?
10101000011
In base 9, what is -142 - -58?
-73
In base 5, what is -1041 + 4?
-1032
In base 12, what is 1 - 183?
-182
In base 10, what is -7015 - 2?
-7017
In base 10, what is 3 - 714?
-711
In base 14, what is 0 - 185?
-185
In base 13, what is -1 + -3bb?
-3bc
In base 15, what is 3 + -33?
-30
In base 7, what is -42 - 551?
-623
In base 7, what is -3 + -2261?
-2264
In base 2, what is 11001011 - -1?
11001100
In base 13, what is -1000 + -6?
-1006
In base 10, what is 0 + -258?
-258
In base 14, what is -3ac2 - -2?
-3ac0
In base 2, what is 101 - 11101110101?
-11101110000
In base 15, what is -2 - -e9a?
e98
In base 3, what is -21201112 + -10?
-21201122
In base 6, what is 14 - -423?
441
In base 9, what is -608 - -21?
-577
In base 3, what is 100 + -1000121?
-1000021
In base 7, what is 3143 - -4?
3150
In base 12, what is 21 + 26?
47
In base 4, what is -103 + -2232?
-3001
In base 6, what is 5 - 42?
-33
In base 11, what is 8a + -4?
86
In base 13, what is b + -13?
-5
In base 12, what is -51 + a?
-43
In base 2, what is -1011011010100 - -10?
-1011011010010
In base 9, what is 5 - -150?
155
In base 9, what is -501 - -2?
-488
In base 3, what is -101 + -10100?
-10201
In base 14, what is -6 + 3?
-3
In base 10, what is 2 + 127?
129
In base 6, what is -153323 - 2?
-153325
In base 13, what is -4 + -115?
-119
In base 8, what is 225 - -120?
345
In base 8, what is 613 - -4?
617
In base 14, what is 22c + -1?
22b
In base 9, what is 102 - -65?
167
In base 14, what is -9 - -51?
46
In base 7, what is 1036 - 1?
1035
In base 9, what is 173 - -222?
405
In base 8, what is 610 - 74?
514
In base 14, what is -5 + -186c?
-1873
In base 7, what is 12 - -614?
626
In base 13, what is -c4b8 + 3?
-c4b5
In base 5, what is -42 - -104?
12
In base 5, what is -24 - -33?
4
In base 15, what is -5 + 70?
6a
In base 3, what is -20 + -21?
-111
In base 11, what is 3a9 + -8?
3a1
In base 10, what is 0 + 377?
377
In base 16, what is -22 + -cd?
-ef
In base 8, what is 6626 - 5?
6621
In base 13, what is -8b4 - -a?
-8a7
In base 11, what is 95 - 2?
93
In base 6, what is -11 - 23304?
-23315
In base 14, what is -13 + -c?
-21
In base 16, what is 2 - 1f?
-1d
In base 10, what is -1829 + 4?
-1825
In base 12, what is 641 - -31?
672
In base 15, what is 6 + 3c5?
3cb
In base 16, what is 3b4 + 4?
3b8
In base 11, what is -328 - 2?
-32a
In base 5, what is -23214 - 3?
-23222
In base 5, what is 334 + 0?
334
In base 11, what is 55a + -5?
555
In base 10, what is -4787 + 5?
-4782
In base 2, what is 11 + -1110001?
-1101110
In base 15, what is c + -34?
-27
In base 8, what is 1 + -4?
-3
In base 12, what is 8 - -124?
130
In base 9, what is -18 + 61?
42
In base 4, what is -1 + 23031?
23030
In base 4, what is -11 + -30?
-101
In base 16, what is 543 - 3?
540
In base 6, what is -213 - -3?
-210
In base 7, what is -2 - 3121?
-3123
In base 12, what is 4130 + -5?
4127
In base 12, what is 161a - 4?
1616
In base 16, what is 20c + -5?
207
In base 2, what is -1 - -10011000110?
10011000101
In base 8, what is 335 + 2?
337
In base 8, what is 160 + -145?
13
In base 2, what is 101 + -101001110?
-101001001
In base 7, what is 233 + 3?
236
In base 8, what is -4 - 52?
-56
In base 8, what is -63 - -14?
-47
In base 15, what is -1 - b2?
-b3
In base 4, what is -3 - -11112?
11103
In base 13, what is 2c2 - 3?
2bc
In base 11, what is -3 - 137?
-13a
In base 9, what is -3 + 148?
145
In base 2, what is 10010000 - 1?
10001111
In base 11, what is 5 + -127?
-122
In base 10, what is -15 - -21?
6
In base 2, what is -11000011 - -1?
-11000010
In base 15, what is -464 + 5?
-45e
In base 14, what is -120 + 4b?
-b3
In base 3, what is -1 - -10222?
10221
In base 3, what is 2002 - 12?
1220
In base 4, what is -2 - 2311?
-2313
In base 9, what is 16 + 2?
18
In base 13, what is 3 - 42?
-3c
In base 7, what is -61 + 1211?
1120
In base 6, what is 1 + -345?
-344
In base 3, what is 11 - -22?
110
In base 13, what is -137b + -1?
-137c
In base 13, what is -20 - -7?
-16
In base 2, what is -1000100100 - 100?
-1000101000
In base 8, what is 4 - -726?
732
In base 15, what is 2 + -48?
-46
In base 14, what is -24 - 4?
-28
In base 15, what is 10 + -176?
-166
In base 6, what is 2 + -4?
-2
In base 9, what is 246 + 1?
247
In base 9, what is -5 - 551?
-556
In base 9, what is -1353 - 3?
-1356
In base 11, what is -3 - -a1?
99
In base 12, what is -460 - -7?
-455
In base 4, what is 10 + 102?
112
In base 14, what is 3 - c?
-9
In base 11, what is 102 + 3?
105
In base 3, what is -111 - -1110?
222
In base 15, what is 6 + -16?
-10
In base 2, what is -1 + -10110011?
-10110100
In base 14, what is 4 - cb?
-c7
In b